{"id":196,"date":"2024-08-06T21:07:48","date_gmt":"2024-08-06T21:07:48","guid":{"rendered":"https:\/\/www.enturtravel.com\/?page_id=196"},"modified":"2024-09-01T21:10:56","modified_gmt":"2024-09-01T21:10:56","slug":"konya-turu","status":"publish","type":"page","link":"http:\/\/www.enturtravel.com\/index.php\/konya-turu\/","title":{"rendered":"Konya Turu"},"content":{"rendered":"\n<p>Entur ile Konya Turu: Tarihin ve Maneviyat\u0131n Kalbine Yolculuk<\/p>\n\n\n\n<p>Konya, Anadolu&#8217;nun kalbinde yatan, tarih ve k\u00fclt\u00fcrle \u00f6r\u00fcl\u00fc bir \u015fehirdir. Entur olarak, sizi Mevlana&#8217;n\u0131n izinde, huzur ve derinlik dolu bir yolculu\u011fa davet ediyoruz.<\/p>\n\n\n\n<p>Turumuz boyunca, Mevlana M\u00fczesi&#8217;nde Sufizm&#8217;in ruhuna dokunacak, Sel\u00e7uklu mimarisinin ihti\u015fam\u0131n\u0131 g\u00f6zler \u00f6n\u00fcne seren Alaeddin Tepesi&#8217;nde tarihe tan\u0131kl\u0131k edeceksiniz. Ayr\u0131ca, \u015fehrin geleneksel lezzetleriyle dolu unutulmaz bir gastronomi deneyimi ya\u015fayacaks\u0131n\u0131z.<\/p>\n\n\n\n<p>Konya&#8217;n\u0131n mistik atmosferinde, hem ruhunuzu dinlendirecek hem de tarihin derinliklerinde kaybolacaks\u0131n\u0131z.<\/p>\n\n\n\n<p>Siz de bu \u00f6zel deneyimin bir par\u00e7as\u0131 olmak i\u00e7in yerinizi hemen ay\u0131rt\u0131n!<\/p>\n\n\n\n<figure class=\"wp-block-gallery has-nested-images columns-default is-cropped wp-block-gallery-1 is-layout-flex wp-block-gallery-is-layout-flex\">\n<figure class=\"wp-block-image size-large\"><img loading=\"lazy\" decoding=\"async\" width=\"724\" height=\"1024\" data-id=\"503\" src=\"https:\/\/www.enturtravel.com\/wp-content\/uploads\/2024\/09\/46-724x1024.png\" alt=\"\" class=\"wp-image-503\" srcset=\"http:\/\/www.enturtravel.com\/wp-content\/uploads\/2024\/09\/46-724x1024.png 724w, http:\/\/www.enturtravel.com\/wp-content\/uploads\/2024\/09\/46-212x300.png 212w, http:\/\/www.enturtravel.com\/wp-content\/uploads\/2024\/09\/46-768x1086.png 768w, http:\/\/www.enturtravel.com\/wp-content\/uploads\/2024\/09\/46-1086x1536.png 1086w, http:\/\/www.enturtravel.com\/wp-content\/uploads\/2024\/09\/46.png 1414w\" sizes=\"(max-width: 724px) 100vw, 724px\" \/><\/figure>\n<\/figure>\n\n\n\n<figure class=\"wp-block-gallery has-nested-images columns-default is-cropped wp-block-gallery-2 is-layout-flex wp-block-gallery-is-layout-flex\">\n<figure class=\"wp-block-image size-large\"><img loading=\"lazy\" decoding=\"async\" width=\"724\" height=\"1024\" data-id=\"505\" src=\"https:\/\/www.enturtravel.com\/wp-content\/uploads\/2024\/09\/47-724x1024.png\" alt=\"\" class=\"wp-image-505\" srcset=\"http:\/\/www.enturtravel.com\/wp-content\/uploads\/2024\/09\/47-724x1024.png 724w, http:\/\/www.enturtravel.com\/wp-content\/uploads\/2024\/09\/47-212x300.png 212w, http:\/\/www.enturtravel.com\/wp-content\/uploads\/2024\/09\/47-768x1086.png 768w, http:\/\/www.enturtravel.com\/wp-content\/uploads\/2024\/09\/47-1086x1536.png 1086w, http:\/\/www.enturtravel.com\/wp-content\/uploads\/2024\/09\/47.png 1414w\" sizes=\"(max-width: 724px) 100vw, 724px\" \/><\/figure>\n<\/figure>\n","protected":false},"excerpt":{"rendered":"<p>Entur ile Konya Turu: Tarihin ve Maneviyat\u0131n Kalbine Yolculuk Konya, Anadolu&#8217;nun kalbinde yatan, tarih ve k\u00fclt\u00fcrle \u00f6r\u00fcl\u00fc bir \u015fehirdir. Entur olarak, sizi Mevlana&#8217;n\u0131n izinde, huzur [&#8230;]<\/p>\n","protected":false},"author":1,"featured_media":0,"parent":0,"menu_order":0,"comment_status":"closed","ping_status":"closed","template":"","meta":{"footnotes":""},"class_list":["post-196","page","type-page","status-publish","hentry"],"_links":{"self":[{"href":"http:\/\/www.enturtravel.com\/index.php\/wp-json\/wp\/v2\/pages\/196"}],"collection":[{"href":"http:\/\/www.enturtravel.com\/index.php\/wp-json\/wp\/v2\/pages"}],"about":[{"href":"http:\/\/www.enturtravel.com\/index.php\/wp-json\/wp\/v2\/types\/page"}],"author":[{"embeddable":true,"href":"http:\/\/www.enturtravel.com\/index.php\/wp-json\/wp\/v2\/users\/1"}],"replies":[{"embeddable":true,"href":"http:\/\/www.enturtravel.com\/index.php\/wp-json\/wp\/v2\/comments?post=196"}],"version-history":[{"count":3,"href":"http:\/\/www.enturtravel.com\/index.php\/wp-json\/wp\/v2\/pages\/196\/revisions"}],"predecessor-version":[{"id":506,"href":"http:\/\/www.enturtravel.com\/index.php\/wp-json\/wp\/v2\/pages\/196\/revisions\/506"}],"wp:attachment":[{"href":"http:\/\/www.enturtravel.com\/index.php\/wp-json\/wp\/v2\/media?parent=196"}],"curies":[{"name":"wp","href":"https:\/\/api.w.org\/{rel}","templated":true}]}}