{"id":205,"date":"2024-08-06T21:08:51","date_gmt":"2024-08-06T21:08:51","guid":{"rendered":"https:\/\/www.enturtravel.com\/?page_id=205"},"modified":"2024-09-05T20:08:26","modified_gmt":"2024-09-05T20:08:26","slug":"antalya-turu","status":"publish","type":"page","link":"http:\/\/www.enturtravel.com\/index.php\/antalya-turu\/","title":{"rendered":"Antalya Turu"},"content":{"rendered":"\n<p>Entur ile Akdeniz\u2019in gizemli g\u00fczelliklerini ke\u015ffetmeye ne dersiniz? Antalya\u2019n\u0131n en b\u00fcy\u00fcleyici k\u00f6\u015feleri olan Ka\u015f, Kekova, Adrasan ve Olympos\u2019un el de\u011fmemi\u015f do\u011fas\u0131, tarih kokan sokaklar\u0131 ve e\u015fsiz plajlar\u0131 sizi bekliyor.<\/p>\n\n\n\n<p>*Ka\u015f&#8217;\u0131n berrak sular\u0131nda y\u00fczme deneyimi, **Kekova\u2019da bat\u0131k \u015fehrin b\u00fcy\u00fcleyici manzaras\u0131, **Adrasan\u2019\u0131n huzurlu kumsallar\u0131nda dinlenme f\u0131rsat\u0131 ve *<em>Olympos<\/em>\u2019un tarihi dokusuyla do\u011fayla i\u00e7 i\u00e7e bir tatil sizleri bekliyor. Profesyonel rehberlerimiz e\u015fli\u011finde bu muhte\u015fem rotay\u0131 ke\u015ffederken, rahat konaklama ve konforlu ula\u015f\u0131m hizmetlerimizle tatilin keyfini doyas\u0131ya \u00e7\u0131kar\u0131n.<\/p>\n\n\n\n<p>Unutulmaz an\u0131larla dolu bir Akdeniz ka\u00e7ama\u011f\u0131 i\u00e7in Entur\u2019u tercih edin, kaliteli ve g\u00fcvenli seyahatin keyfini \u00e7\u0131kar\u0131n!<\/p>\n\n\n\n<figure class=\"wp-block-gallery has-nested-images columns-default is-cropped wp-block-gallery-1 is-layout-flex wp-block-gallery-is-layout-flex\">\n<figure class=\"wp-block-image size-large\"><img loading=\"lazy\" decoding=\"async\" width=\"724\" height=\"1024\" data-id=\"536\" src=\"https:\/\/www.enturtravel.com\/wp-content\/uploads\/2024\/09\/54-1-724x1024.png\" alt=\"\" class=\"wp-image-536\" srcset=\"http:\/\/www.enturtravel.com\/wp-content\/uploads\/2024\/09\/54-1-724x1024.png 724w, http:\/\/www.enturtravel.com\/wp-content\/uploads\/2024\/09\/54-1-212x300.png 212w, http:\/\/www.enturtravel.com\/wp-content\/uploads\/2024\/09\/54-1-768x1086.png 768w, http:\/\/www.enturtravel.com\/wp-content\/uploads\/2024\/09\/54-1-1086x1536.png 1086w, http:\/\/www.enturtravel.com\/wp-content\/uploads\/2024\/09\/54-1.png 1414w\" sizes=\"(max-width: 724px) 100vw, 724px\" \/><\/figure>\n<\/figure>\n\n\n\n<figure class=\"wp-block-gallery has-nested-images columns-default is-cropped wp-block-gallery-2 is-layout-flex wp-block-gallery-is-layout-flex\">\n<figure class=\"wp-block-image size-large\"><img loading=\"lazy\" decoding=\"async\" width=\"724\" height=\"1024\" data-id=\"540\" src=\"https:\/\/www.enturtravel.com\/wp-content\/uploads\/2024\/09\/55-2-724x1024.png\" alt=\"\" class=\"wp-image-540\" srcset=\"http:\/\/www.enturtravel.com\/wp-content\/uploads\/2024\/09\/55-2-724x1024.png 724w, http:\/\/www.enturtravel.com\/wp-content\/uploads\/2024\/09\/55-2-212x300.png 212w, http:\/\/www.enturtravel.com\/wp-content\/uploads\/2024\/09\/55-2-768x1086.png 768w, http:\/\/www.enturtravel.com\/wp-content\/uploads\/2024\/09\/55-2-1086x1536.png 1086w, http:\/\/www.enturtravel.com\/wp-content\/uploads\/2024\/09\/55-2.png 1414w\" sizes=\"(max-width: 724px) 100vw, 724px\" \/><\/figure>\n<\/figure>\n","protected":false},"excerpt":{"rendered":"<p>Entur ile Akdeniz\u2019in gizemli g\u00fczelliklerini ke\u015ffetmeye ne dersiniz? Antalya\u2019n\u0131n en b\u00fcy\u00fcleyici k\u00f6\u015feleri olan Ka\u015f, Kekova, Adrasan ve Olympos\u2019un el de\u011fmemi\u015f do\u011fas\u0131, tarih kokan sokaklar\u0131 ve [&#8230;]<\/p>\n","protected":false},"author":1,"featured_media":0,"parent":0,"menu_order":0,"comment_status":"closed","ping_status":"closed","template":"","meta":{"footnotes":""},"class_list":["post-205","page","type-page","status-publish","hentry"],"_links":{"self":[{"href":"http:\/\/www.enturtravel.com\/index.php\/wp-json\/wp\/v2\/pages\/205"}],"collection":[{"href":"http:\/\/www.enturtravel.com\/index.php\/wp-json\/wp\/v2\/pages"}],"about":[{"href":"http:\/\/www.enturtravel.com\/index.php\/wp-json\/wp\/v2\/types\/page"}],"author":[{"embeddable":true,"href":"http:\/\/www.enturtravel.com\/index.php\/wp-json\/wp\/v2\/users\/1"}],"replies":[{"embeddable":true,"href":"http:\/\/www.enturtravel.com\/index.php\/wp-json\/wp\/v2\/comments?post=205"}],"version-history":[{"count":5,"href":"http:\/\/www.enturtravel.com\/index.php\/wp-json\/wp\/v2\/pages\/205\/revisions"}],"predecessor-version":[{"id":541,"href":"http:\/\/www.enturtravel.com\/index.php\/wp-json\/wp\/v2\/pages\/205\/revisions\/541"}],"wp:attachment":[{"href":"http:\/\/www.enturtravel.com\/index.php\/wp-json\/wp\/v2\/media?parent=205"}],"curies":[{"name":"wp","href":"https:\/\/api.w.org\/{rel}","templated":true}]}}