{"id":229,"date":"2024-08-06T21:13:28","date_gmt":"2024-08-06T21:13:28","guid":{"rendered":"https:\/\/www.enturtravel.com\/?page_id=229"},"modified":"2024-08-12T11:46:53","modified_gmt":"2024-08-12T11:46:53","slug":"fransa-turu","status":"publish","type":"page","link":"http:\/\/www.enturtravel.com\/index.php\/fransa-turu\/","title":{"rendered":"Fransa Turu"},"content":{"rendered":"\n<p>Fransa, d\u00fcnyan\u0131n en pop\u00fcler turizm destinasyonlar\u0131ndan biri olarak, her y\u0131l milyonlarca ziyaret\u00e7iyi a\u011f\u0131rlamaktad\u0131r. Tarihi ve k\u00fclt\u00fcrel zenginlikleri, e\u015fsiz mutfa\u011f\u0131 ve do\u011fal g\u00fczellikleri ile dikkat \u00e7eken bu \u00fclke, her t\u00fcrden gezgine hitap edecek \u00e7e\u015fitlili\u011fe sahiptir. Paris&#8217;teki Eyfel Kulesi, Louvre M\u00fczesi ve Notre-Dame Katedrali gibi ikonik yap\u0131lar, turistlerin mutlaka g\u00f6rmesi gereken yerler aras\u0131ndad\u0131r. Ayr\u0131ca, Fransa ayr\u0131ca lavanta tarlalar\u0131 ve  ba\u011flar\u0131 ile huzur dolu anlar ya\u015faman\u0131za olanak sa\u011flar. Fransa&#8217;n\u0131n zengin k\u00fclt\u00fcrel miras\u0131 ve do\u011fal g\u00fczellikleri, onu d\u00fcnya \u00e7ap\u0131nda bir turizm cenneti haline getirmektedir.<\/p>\n\n\n\n<figure class=\"wp-block-gallery has-nested-images columns-default is-cropped wp-block-gallery-1 is-layout-flex wp-block-gallery-is-layout-flex\">\n<figure class=\"wp-block-image size-large\"><img loading=\"lazy\" decoding=\"async\" width=\"724\" height=\"1024\" data-id=\"417\" src=\"https:\/\/www.enturtravel.com\/wp-content\/uploads\/2024\/08\/Fransa-On-Kapak-724x1024.png\" alt=\"\" class=\"wp-image-417\" srcset=\"http:\/\/www.enturtravel.com\/wp-content\/uploads\/2024\/08\/Fransa-On-Kapak-724x1024.png 724w, http:\/\/www.enturtravel.com\/wp-content\/uploads\/2024\/08\/Fransa-On-Kapak-212x300.png 212w, http:\/\/www.enturtravel.com\/wp-content\/uploads\/2024\/08\/Fransa-On-Kapak-768x1086.png 768w, http:\/\/www.enturtravel.com\/wp-content\/uploads\/2024\/08\/Fransa-On-Kapak-1086x1536.png 1086w, http:\/\/www.enturtravel.com\/wp-content\/uploads\/2024\/08\/Fransa-On-Kapak-1448x2048.png 1448w, http:\/\/www.enturtravel.com\/wp-content\/uploads\/2024\/08\/Fransa-On-Kapak-1800x2546.png 1800w\" sizes=\"(max-width: 724px) 100vw, 724px\" \/><\/figure>\n<\/figure>\n\n\n\n<figure class=\"wp-block-gallery has-nested-images columns-default is-cropped wp-block-gallery-2 is-layout-flex wp-block-gallery-is-layout-flex\">\n<figure class=\"wp-block-image size-large\"><img loading=\"lazy\" decoding=\"async\" width=\"724\" height=\"1024\" data-id=\"418\" src=\"https:\/\/www.enturtravel.com\/wp-content\/uploads\/2024\/08\/Fransa-Arka-Kapak-724x1024.png\" alt=\"\" class=\"wp-image-418\" srcset=\"http:\/\/www.enturtravel.com\/wp-content\/uploads\/2024\/08\/Fransa-Arka-Kapak-724x1024.png 724w, http:\/\/www.enturtravel.com\/wp-content\/uploads\/2024\/08\/Fransa-Arka-Kapak-212x300.png 212w, http:\/\/www.enturtravel.com\/wp-content\/uploads\/2024\/08\/Fransa-Arka-Kapak-768x1086.png 768w, http:\/\/www.enturtravel.com\/wp-content\/uploads\/2024\/08\/Fransa-Arka-Kapak-1086x1536.png 1086w, http:\/\/www.enturtravel.com\/wp-content\/uploads\/2024\/08\/Fransa-Arka-Kapak-1448x2048.png 1448w, http:\/\/www.enturtravel.com\/wp-content\/uploads\/2024\/08\/Fransa-Arka-Kapak-1800x2546.png 1800w\" sizes=\"(max-width: 724px) 100vw, 724px\" \/><\/figure>\n<\/figure>\n","protected":false},"excerpt":{"rendered":"<p>Fransa, d\u00fcnyan\u0131n en pop\u00fcler turizm destinasyonlar\u0131ndan biri olarak, her y\u0131l milyonlarca ziyaret\u00e7iyi a\u011f\u0131rlamaktad\u0131r. Tarihi ve k\u00fclt\u00fcrel zenginlikleri, e\u015fsiz mutfa\u011f\u0131 ve do\u011fal g\u00fczellikleri ile dikkat \u00e7eken [&#8230;]<\/p>\n","protected":false},"author":1,"featured_media":0,"parent":0,"menu_order":0,"comment_status":"closed","ping_status":"closed","template":"","meta":{"footnotes":""},"class_list":["post-229","page","type-page","status-publish","hentry"],"_links":{"self":[{"href":"http:\/\/www.enturtravel.com\/index.php\/wp-json\/wp\/v2\/pages\/229"}],"collection":[{"href":"http:\/\/www.enturtravel.com\/index.php\/wp-json\/wp\/v2\/pages"}],"about":[{"href":"http:\/\/www.enturtravel.com\/index.php\/wp-json\/wp\/v2\/types\/page"}],"author":[{"embeddable":true,"href":"http:\/\/www.enturtravel.com\/index.php\/wp-json\/wp\/v2\/users\/1"}],"replies":[{"embeddable":true,"href":"http:\/\/www.enturtravel.com\/index.php\/wp-json\/wp\/v2\/comments?post=229"}],"version-history":[{"count":3,"href":"http:\/\/www.enturtravel.com\/index.php\/wp-json\/wp\/v2\/pages\/229\/revisions"}],"predecessor-version":[{"id":419,"href":"http:\/\/www.enturtravel.com\/index.php\/wp-json\/wp\/v2\/pages\/229\/revisions\/419"}],"wp:attachment":[{"href":"http:\/\/www.enturtravel.com\/index.php\/wp-json\/wp\/v2\/media?parent=229"}],"curies":[{"name":"wp","href":"https:\/\/api.w.org\/{rel}","templated":true}]}}