{"id":262,"date":"2024-08-06T21:17:13","date_gmt":"2024-08-06T21:17:13","guid":{"rendered":"https:\/\/www.enturtravel.com\/?page_id=262"},"modified":"2024-08-23T13:29:21","modified_gmt":"2024-08-23T13:29:21","slug":"maldivler-turu","status":"publish","type":"page","link":"http:\/\/www.enturtravel.com\/index.php\/maldivler-turu\/","title":{"rendered":"Maldivler Turu"},"content":{"rendered":"\n<p class=\"has-text-align-center\">Maldivler, d\u00fcnyan\u0131n en g\u00f6zde tatil destinasyonlar\u0131ndan biri olarak bilinir. Hint Okyanusu&#8217;nda yer alan bu tropikal cennet, beyaz kumlu plajlar\u0131, turkuaz rengi sular\u0131 ve l\u00fcks tatil k\u00f6yleri ile \u00fcnl\u00fcd\u00fcr. Maldivler turu, su alt\u0131 ya\u015fam\u0131n\u0131 ke\u015ffetmek isteyen dal\u0131\u015f merakl\u0131lar\u0131 i\u00e7in de e\u015fsiz bir f\u0131rsatt\u0131r. Mercan resifleri, renkli bal\u0131klar ve deniz kaplumba\u011falar\u0131 ile dolu bu berrak sular, unutulmaz bir dal\u0131\u015f deneyimi sunar. Ayr\u0131ca, Maldivler&#8217;de su \u00fcst\u00fc bungalovlarda konaklayarak okyanusun \u00fczerine kurulmu\u015f l\u00fcks villalarda kalabilir, g\u00fcn bat\u0131m\u0131nda romantik ak\u015fam yemekleri yiyebilirsiniz. Yerel k\u00fclt\u00fcr\u00fc tan\u0131mak isteyenler i\u00e7in ise Maldivler&#8217;in ba\u015fkenti Male&#8217;de tarihi camiler, pazarlar ve m\u00fczeler gezilebilir. Maldivler turu, hem rahatlamak hem de do\u011fan\u0131n tad\u0131n\u0131 \u00e7\u0131karmak isteyenler i\u00e7in m\u00fckemmel bir se\u00e7imdir.<\/p>\n\n\n\n<figure class=\"wp-block-gallery has-nested-images columns-default is-cropped wp-block-gallery-1 is-layout-flex wp-block-gallery-is-layout-flex\">\n<figure class=\"wp-block-image size-large\"><img loading=\"lazy\" decoding=\"async\" width=\"724\" height=\"1024\" data-id=\"466\" src=\"https:\/\/www.enturtravel.com\/wp-content\/uploads\/2024\/08\/33-1-724x1024.png\" alt=\"\" class=\"wp-image-466\" srcset=\"http:\/\/www.enturtravel.com\/wp-content\/uploads\/2024\/08\/33-1-724x1024.png 724w, http:\/\/www.enturtravel.com\/wp-content\/uploads\/2024\/08\/33-1-212x300.png 212w, http:\/\/www.enturtravel.com\/wp-content\/uploads\/2024\/08\/33-1-768x1086.png 768w, http:\/\/www.enturtravel.com\/wp-content\/uploads\/2024\/08\/33-1-1086x1536.png 1086w, http:\/\/www.enturtravel.com\/wp-content\/uploads\/2024\/08\/33-1.png 1414w\" sizes=\"(max-width: 724px) 100vw, 724px\" \/><\/figure>\n<\/figure>\n\n\n\n<figure class=\"wp-block-gallery has-nested-images columns-default is-cropped wp-block-gallery-2 is-layout-flex wp-block-gallery-is-layout-flex\">\n<figure class=\"wp-block-image size-large\"><img loading=\"lazy\" decoding=\"async\" width=\"724\" height=\"1024\" data-id=\"467\" src=\"https:\/\/www.enturtravel.com\/wp-content\/uploads\/2024\/08\/34-724x1024.png\" alt=\"\" class=\"wp-image-467\" srcset=\"http:\/\/www.enturtravel.com\/wp-content\/uploads\/2024\/08\/34-724x1024.png 724w, http:\/\/www.enturtravel.com\/wp-content\/uploads\/2024\/08\/34-212x300.png 212w, http:\/\/www.enturtravel.com\/wp-content\/uploads\/2024\/08\/34-768x1086.png 768w, http:\/\/www.enturtravel.com\/wp-content\/uploads\/2024\/08\/34-1086x1536.png 1086w, http:\/\/www.enturtravel.com\/wp-content\/uploads\/2024\/08\/34.png 1414w\" sizes=\"(max-width: 724px) 100vw, 724px\" \/><\/figure>\n<\/figure>\n","protected":false},"excerpt":{"rendered":"<p>Maldivler, d\u00fcnyan\u0131n en g\u00f6zde tatil destinasyonlar\u0131ndan biri olarak bilinir. Hint Okyanusu&#8217;nda yer alan bu tropikal cennet, beyaz kumlu plajlar\u0131, turkuaz rengi sular\u0131 ve l\u00fcks tatil [&#8230;]<\/p>\n","protected":false},"author":1,"featured_media":0,"parent":0,"menu_order":0,"comment_status":"closed","ping_status":"closed","template":"","meta":{"footnotes":""},"class_list":["post-262","page","type-page","status-publish","hentry"],"_links":{"self":[{"href":"http:\/\/www.enturtravel.com\/index.php\/wp-json\/wp\/v2\/pages\/262"}],"collection":[{"href":"http:\/\/www.enturtravel.com\/index.php\/wp-json\/wp\/v2\/pages"}],"about":[{"href":"http:\/\/www.enturtravel.com\/index.php\/wp-json\/wp\/v2\/types\/page"}],"author":[{"embeddable":true,"href":"http:\/\/www.enturtravel.com\/index.php\/wp-json\/wp\/v2\/users\/1"}],"replies":[{"embeddable":true,"href":"http:\/\/www.enturtravel.com\/index.php\/wp-json\/wp\/v2\/comments?post=262"}],"version-history":[{"count":4,"href":"http:\/\/www.enturtravel.com\/index.php\/wp-json\/wp\/v2\/pages\/262\/revisions"}],"predecessor-version":[{"id":474,"href":"http:\/\/www.enturtravel.com\/index.php\/wp-json\/wp\/v2\/pages\/262\/revisions\/474"}],"wp:attachment":[{"href":"http:\/\/www.enturtravel.com\/index.php\/wp-json\/wp\/v2\/media?parent=262"}],"curies":[{"name":"wp","href":"https:\/\/api.w.org\/{rel}","templated":true}]}}