{"id":319,"date":"2024-08-06T21:58:31","date_gmt":"2024-08-06T21:58:31","guid":{"rendered":"https:\/\/www.enturtravel.com\/?page_id=319"},"modified":"2024-09-17T10:55:41","modified_gmt":"2024-09-17T10:55:41","slug":"gunubirlik-abant-ve-golcuk-golu-turu","status":"publish","type":"page","link":"http:\/\/www.enturtravel.com\/index.php\/gunubirlik-abant-ve-golcuk-golu-turu\/","title":{"rendered":"G\u00fcn\u00fcbirlik Abant ve G\u00f6lc\u00fck G\u00f6l\u00fc Turu"},"content":{"rendered":"\n<p>G\u00fcn\u00fcbirlik Abant ve G\u00f6lc\u00fck Turu ile Do\u011fan\u0131n Kalbine Yolculuk!*<\/p>\n\n\n\n<p>Do\u011fan\u0131n huzurunu ke\u015ffetmeye haz\u0131r m\u0131s\u0131n\u0131z? Entur olarak sizlere, Bolu\u2019nun muhte\u015fem do\u011fas\u0131nda unutulmaz bir g\u00fcn vaat ediyoruz! Abant\u2019\u0131n b\u00fcy\u00fcleyici g\u00f6l manzaras\u0131 ve G\u00f6lc\u00fck\u2019\u00fcn sakinli\u011fiyle ruhunuzu dinlendirin, do\u011fan\u0131n g\u00fczelliklerini ke\u015ffedin.<\/p>\n\n\n\n<p>Sabah\u0131n taze havas\u0131nda, \u015fehrin karma\u015fas\u0131ndan uzakla\u015f\u0131p yemye\u015fil ormanlar\u0131n aras\u0131nda serin g\u00f6lleri ke\u015ffedece\u011fiz. Foto\u011fraf tutkunlar\u0131 i\u00e7in e\u015fsiz kareler yakalama f\u0131rsat\u0131, y\u00fcr\u00fcy\u00fc\u015f severler i\u00e7in ise do\u011fa ile ba\u015f ba\u015fa keyifli y\u00fcr\u00fcy\u00fc\u015fler sizi bekliyor.<\/p>\n\n\n\n<p><em>Tur Program\u0131m\u0131z:<\/em><\/p>\n\n\n\n<ul class=\"wp-block-list\">\n<li>Abant G\u00f6l\u00fc\u2019nde serbest zaman ve g\u00f6l \u00e7evresinde y\u00fcr\u00fcy\u00fc\u015f<\/li>\n\n\n\n<li>G\u00f6lc\u00fck Tabiat Park\u0131\u2019n\u0131n kartpostal g\u00fczelli\u011finde g\u00f6l\u00fc ke\u015ffetme<\/li>\n\n\n\n<li>Do\u011fayla i\u00e7 i\u00e7e keyifli molalar ve bol bol foto\u011fraf \u00e7ekme imk\u00e2n\u0131<\/li>\n<\/ul>\n\n\n\n<p>Siz de bu harika deneyimi ya\u015famak i\u00e7in Entur\u2019u tercih edin ve do\u011fan\u0131n kuca\u011f\u0131nda unutulmaz bir g\u00fcn ge\u00e7irin. Abant ve G\u00f6lc\u00fck\u2019\u00fcn huzuru, Entur\u2019un kalitesiyle bulu\u015fuyor. \u015eimdi yerinizi ay\u0131rt\u0131n!<\/p>\n\n\n\n<figure class=\"wp-block-gallery has-nested-images columns-default is-cropped wp-block-gallery-1 is-layout-flex wp-block-gallery-is-layout-flex\">\n<figure class=\"wp-block-image size-large\"><img loading=\"lazy\" decoding=\"async\" width=\"724\" height=\"1024\" data-id=\"567\" src=\"https:\/\/www.enturtravel.com\/wp-content\/uploads\/2024\/09\/66-1-724x1024.png\" alt=\"\" class=\"wp-image-567\" srcset=\"http:\/\/www.enturtravel.com\/wp-content\/uploads\/2024\/09\/66-1-724x1024.png 724w, http:\/\/www.enturtravel.com\/wp-content\/uploads\/2024\/09\/66-1-212x300.png 212w, http:\/\/www.enturtravel.com\/wp-content\/uploads\/2024\/09\/66-1-768x1086.png 768w, http:\/\/www.enturtravel.com\/wp-content\/uploads\/2024\/09\/66-1-1086x1536.png 1086w, http:\/\/www.enturtravel.com\/wp-content\/uploads\/2024\/09\/66-1.png 1414w\" sizes=\"(max-width: 724px) 100vw, 724px\" \/><\/figure>\n<\/figure>\n\n\n\n<figure class=\"wp-block-gallery has-nested-images columns-default is-cropped wp-block-gallery-2 is-layout-flex wp-block-gallery-is-layout-flex\">\n<figure class=\"wp-block-image size-large\"><img loading=\"lazy\" decoding=\"async\" width=\"724\" height=\"1024\" data-id=\"569\" src=\"https:\/\/www.enturtravel.com\/wp-content\/uploads\/2024\/09\/67-724x1024.png\" alt=\"\" class=\"wp-image-569\" srcset=\"http:\/\/www.enturtravel.com\/wp-content\/uploads\/2024\/09\/67-724x1024.png 724w, http:\/\/www.enturtravel.com\/wp-content\/uploads\/2024\/09\/67-212x300.png 212w, http:\/\/www.enturtravel.com\/wp-content\/uploads\/2024\/09\/67-768x1086.png 768w, http:\/\/www.enturtravel.com\/wp-content\/uploads\/2024\/09\/67-1086x1536.png 1086w, http:\/\/www.enturtravel.com\/wp-content\/uploads\/2024\/09\/67.png 1414w\" sizes=\"(max-width: 724px) 100vw, 724px\" \/><\/figure>\n<\/figure>\n","protected":false},"excerpt":{"rendered":"<p>G\u00fcn\u00fcbirlik Abant ve G\u00f6lc\u00fck Turu ile Do\u011fan\u0131n Kalbine Yolculuk!* Do\u011fan\u0131n huzurunu ke\u015ffetmeye haz\u0131r m\u0131s\u0131n\u0131z? Entur olarak sizlere, Bolu\u2019nun muhte\u015fem do\u011fas\u0131nda unutulmaz bir g\u00fcn vaat ediyoruz! [&#8230;]<\/p>\n","protected":false},"author":1,"featured_media":0,"parent":0,"menu_order":0,"comment_status":"closed","ping_status":"closed","template":"","meta":{"footnotes":""},"class_list":["post-319","page","type-page","status-publish","hentry"],"_links":{"self":[{"href":"http:\/\/www.enturtravel.com\/index.php\/wp-json\/wp\/v2\/pages\/319"}],"collection":[{"href":"http:\/\/www.enturtravel.com\/index.php\/wp-json\/wp\/v2\/pages"}],"about":[{"href":"http:\/\/www.enturtravel.com\/index.php\/wp-json\/wp\/v2\/types\/page"}],"author":[{"embeddable":true,"href":"http:\/\/www.enturtravel.com\/index.php\/wp-json\/wp\/v2\/users\/1"}],"replies":[{"embeddable":true,"href":"http:\/\/www.enturtravel.com\/index.php\/wp-json\/wp\/v2\/comments?post=319"}],"version-history":[{"count":3,"href":"http:\/\/www.enturtravel.com\/index.php\/wp-json\/wp\/v2\/pages\/319\/revisions"}],"predecessor-version":[{"id":570,"href":"http:\/\/www.enturtravel.com\/index.php\/wp-json\/wp\/v2\/pages\/319\/revisions\/570"}],"wp:attachment":[{"href":"http:\/\/www.enturtravel.com\/index.php\/wp-json\/wp\/v2\/media?parent=319"}],"curies":[{"name":"wp","href":"https:\/\/api.w.org\/{rel}","templated":true}]}}